 and j?
11
Let p = 8 + 19. Let x = -11 - 15. Let l = x - -44. What is the highest common factor of p and l?
9
Suppose -2*i + 48 = w, 2*i = 5*w - 3*i - 240. Let v be (-15)/(-10) - (-21)/2. Calculate the greatest common divisor of w and v.
12
Let t(v) = v**3 - 4*v**2 + 2*v - 5. Let g be t(5). Let f = g + -27. What is the greatest common divisor of f and 2?
1
Let j(m) = 3*m + 15. Let w be j(5). Let q be 6/(-4)*2 - -48. Suppose -6*s + q = -5*s. What is the greatest common divisor of s and w?
15
Let x(m) = -m**2 - 26*m - 93. Let n be x(-5). What is the highest common factor of 492 and n?
12
Suppose 2*o - 6*o = -3*u + 17, 0 = -2*u - 4*o + 38. What is the highest common factor of u and 55?
11
Let z(t) = -t**3 - 22*t**2 + 50*t + 52. Let v be z(-24). Calculate the highest common divisor of v and 16.
4
Let o(t) = -8*t + 4. Let s be o(1). Let y be (40/12)/(s/(-18)). Suppose -750 = -3*v - 2*v. What is the highest common factor of y and v?
15
Suppose -22*a - 51 = -25*a. What is the highest common factor of 17 and a?
17
Let w be -1 + 0 - (-9 + 11 + -6). Suppose -4*s - 2*i + 1638 = 456, -w*i = -2*s + 579. What is the greatest common factor of 14 and s?
14
Suppose 4*d + 17 = 3*j, -9*j - 3*d = -5*j - 6. What is the highest common divisor of j and 327?
3
Let g = 11 + 3. Suppose -g*d = -9*d - 20. Let l(k) = 7*k**2 - k - 3. Let n be l(d). What is the highest common factor of n and 21?
21
Suppose 2*g + 4 = -0. Let b be (13/g)/((-2)/(-4)). Let p = 23 + b. What is the greatest common factor of 80 and p?
10
Let m = -45 + 31. Let z be (-14)/m + 1 + 31. Calculate the highest common divisor of 165 and z.
33
Let i(v) be the third derivative of 0*v - 4*v**2 + 0 + 1/8*v**4 - 3/2*v**3. Let d be i(12). Calculate the highest common divisor of 108 and d.
27
Suppose 0 = -6*m - 0*m + 24. Suppose -5*y = 2*i - 28, -m*i + 92 = -y + 2*y. Suppose 0 = 4*k - 9*k + 480. Calculate the greatest common divisor of k and i.
24
Let v(l) = -l**3 + 7*l**2 - 11*l + 8. Let w be v(4). Let j = -76 + 136. What is the greatest common factor of j and w?
12
Suppose -979*n + 840 = -967*n. Calculate the highest common divisor of n and 1085.
35
Let q(p) = -p**3 - 5*p**2 + 17*p - 35. Let y be q(-9). What is the greatest common factor of 714 and y?
34
Let p = -679 + 773. What is the highest common divisor of 6 and p?
2
Let f(s) = -s**2 + 25*s + 7. Let v be f(8). Suppose 0 = -144*w + v*w + 3. Calculate the greatest common divisor of w and 24.
3
Let c = -292 + 366. What is the greatest common factor of c and 148?
74
Suppose 0 = -2*y + 66 + 12. Let d(g) = g**3 + 7*g**2 - 3*g + 5. Let a be d(-7). Calculate the greatest common factor of a and y.
13
Suppose 0*h - 9*h = 90. Let i be 5/(-10) - 33/(-2). Let b = h + i. What is the highest common factor of 6 and b?
6
Suppose -154 + 1650 = 17*j. Calculate the highest common divisor of 264 and j.
88
Let m(x) = x**3 + 9*x**2 + 3*x - 9. Let h be m(-7). Calculate the greatest common divisor of h and 102.
34
Let f(t) = 2*t**2 - 7*t + 11. Suppose -3*y + 31 + 14 = 0. Suppose 0 = -4*u - y + 51. Let n be f(u). What is the greatest common factor of n and 22?
22
Suppose -16 + 42 = j - 4*x, -2*x - 58 = -3*j. Suppose 3*i = 2*u - 336, -2*i = -4*u + i + 660. Calculate the highest common divisor of j and u.
18
Let z = -518 - -566. Calculate the greatest common divisor of z and 112.
16
Suppose 141 = 2*m + l, -4*m + 0*l = l - 285. Calculate the highest common factor of 32 and m.
8
Let k = -3 + 11. Let f = -22 - -19. Let p = f - -11. Calculate the highest common divisor of k and p.
8
Let u(l) be the first derivative of l**2/2 + 9*l - 7. Let d be u(-4). What is the greatest common factor of d and 40?
5
Let m = 63 - 35. Let a be (28/(-10))/((-2)/30). What is the greatest common divisor of m and a?
14
Suppose -j + 35 = 29. Let l = 55 + 68. Suppose 0 = -3*w + l + 75. What is the highest common factor of j and w?
6
Let h = -105 + 118. Calculate the greatest common divisor of 533 and h.
13
Let o = -8 + 13. Suppose 0 = -o*t - 43 + 3. Let s = t - -18. Calculate the greatest common factor of 15 and s.
5
Suppose 293*a - 297*a = -56. Let b = -34 + 13. Let n = b - -56. What is the greatest common factor of n and a?
7
Suppose 4*i - 4*c + 53 = 197, 0 = 3*i - c - 104. What is the highest common factor of 20 and i?
2
Let a = 3 + 2. Let p(b) = -2*b - 11. Let s be p(-7). Suppose 4*h - 86 = -a*r, s = 3*r - 3. What is the highest common divisor of h and 171?
19
Let q(f) = 197*f + 9. Let k be q(3). Calculate the greatest common factor of k and 8.
8
Suppose 9 = -3*w, 2*h - w - 8 = -3. Let v(z) = z**2 - 7*z - 6. Let k be v(10). Suppose k = -q + 4*q. What is the greatest common factor of q and h?
1
Let d(v) = 4 - 2 + 5 - 4*v - 3. Suppose -5*r - 32 + 2 = 5*q, 0 = 2*q - 4*r + 30. Let w be d(q). Calculate the greatest common divisor of 100 and w.
20
Let f(b) = -b**2 + b - 137. Let z be f(0). Let a = 7 - z. Let t(d) = d**2 - d + 4. Let x be t(-3). What is the greatest common divisor of a and x?
16
Let q(k) = -24*k**3 + 4*k**2 - 12*k - 16. Let r be q(-1). What is the highest common divisor of r and 27?
3
Let j be 36/24*4/3. Suppose -3*z - 663 = -5*i - j*z, -i + 144 = -4*z. Suppose -2*k = k - 36. What is the greatest common factor of i and k?
12
Let x = -1267 + 1366. What is the greatest common divisor of 22 and x?
11
Let x = 946 - 286. Suppose -3*u = 5*v - 315, -5*v + 3*v + 130 = 2*u. Calculate the greatest common divisor of x and v.
60
Let g(i) = 30*i**2 - 6*i - 8. Let u be g(4). Calculate the highest common divisor of 28 and u.
28
Suppose -5*p + 106 + 284 = 0. Suppose p = 3*b + c - 0*c, -5*b + 3*c + 116 = 0. Let j = 139 - 39. What is the greatest common divisor of b and j?
25
Let s(q) = 17 + 14*q + 12*q**2 - 2*q**2 - 2*q**2 - 9*q**2. Let g be s(14). Calculate the highest common factor of g and 34.
17
Suppose -2*h - 864 = -11*h. Let c = h - 74. Suppose -2*b + 55 = -b. What is the highest common factor of c and b?
11
Suppose -2*h + 177 = -5*t + 4*t, -5*h + 4*t + 438 = 0. What is the greatest common divisor of 20 and h?
10
Let j(k) = -200*k - 222. Let w be j(-3). What is the highest common factor of 252 and w?
126
Suppose i - 8 - 10 = 4*k, 12 = 3*i + 2*k. Let z = 20 - 35. Let n be z/(-45) - (-94)/i. What is the greatest common factor of n and 128?
16
Let x(n) = n**3 - 7*n**2 - 2*n + 6. Let r be x(7). Let q be (-4 - -1)/(r/96). What is the greatest common factor of 4 and q?
4
Suppose -9 = 5*k - 8*k. Suppose 0 = -k*g + 2*f + 2, 5*f + 1 = -g + 13. Suppose -180 = g*l - 6*l. What is the highest common factor of l and 30?
15
Let s = 3 + 31. Suppose 3*u - 15 = 3*y, -3*y = 3*u + 2*y - 7. Suppose -b + u*r - 7*r = -s, 2*r - 33 = -b. Calculate the greatest common factor of b and 31.
31
Let t be (-9)/(-5)*(-60)/(-9). Let n be 1386/t*2/3. Calculate the highest common factor of 11 and n.
11
Suppose 0 = -u + 818 - 723. Calculate the greatest common factor of u and 152.
19
Let h(r) be the first derivative of 7*r**4/2 + r**3/3 - r**2/2 - 2*r + 7. Let m be h(2). What is the greatest common divisor of 14 and m?
14
Suppose 0*p - 5*p + 87 = 4*w, -2*w + 91 = 5*p. What is the greatest common divisor of 133 and p?
19
Let y be (5 - 4)*-5*6/(-15). Calculate the greatest common factor of y and 2.
2
Let z(w) = 9*w + 166. Let q be z(-14). Let o = 20 + -10. What is the highest common divisor of o and q?
10
Let h be 124678/1351 + (1 - 9/7). What is the greatest common factor of 253 and h?
23
Let a = 76 - -232. Calculate the greatest common divisor of a and 8.
4
Let w(q) = 4*q - 2. Let o be w(-3). Let t be 2*(-2)/(-4) - o. Let a(b) = 5*b**2 + 3*b + 1. Let l be a(-2). What is the greatest common divisor of l and t?
15
Let m = 2 + -1. Let p be ((-8)/(-12) - 1)*-9. Let f = p + m. Calculate the greatest common divisor of f and 4.
4
Let c = 13 - -33. Calculate the greatest common divisor of c and 851.
23
Suppose 47*t - 6288 = 35*t. What is the highest common factor of 4 and t?
4
Let m be (-483 - 1)*27/(-108). Let n = m + -25. What is the greatest common divisor of n and 12?
12
Suppose a - 130 = 6*a. Let g = a - -28. What is the highest common factor of g and 8?
2
Let q(n) = 21*n - 21. Suppose 0 = 4*k + 2*w - 16, 3*k + 2*w - 12 = -2*w. Let h be q(k). Calculate the greatest common divisor of h and 14.
7
Let o = 143 - 93. What is the highest common di